{"id":273,"date":"2024-10-11T05:55:48","date_gmt":"2024-10-11T08:55:48","guid":{"rendered":"https:\/\/www.carpenedo.com.br\/?page_id=273"},"modified":"2024-11-29T11:08:29","modified_gmt":"2024-11-29T14:08:29","slug":"compliance","status":"publish","type":"page","link":"https:\/\/www.carpenedo.com.br\/?page_id=273","title":{"rendered":"Compliance"},"content":{"rendered":"\t\t<div data-elementor-type=\"wp-page\" data-elementor-id=\"273\" class=\"elementor elementor-273\" data-elementor-post-type=\"page\">\n\t\t\t\t\t\t<section class=\"elementor-section elementor-top-section elementor-element elementor-element-a163260 elementor-section-boxed elementor-section-height-default elementor-section-height-default\" data-id=\"a163260\" data-element_type=\"section\" data-settings=\"{&quot;background_background&quot;:&quot;classic&quot;}\">\n\t\t\t\t\t\t\t<div class=\"elementor-background-overlay\"><\/div>\n\t\t\t\t\t\t\t<div class=\"elementor-container elementor-column-gap-no\">\n\t\t\t\t\t<div class=\"elementor-column elementor-col-100 elementor-top-column elementor-element elementor-element-bacddd0\" data-id=\"bacddd0\" data-element_type=\"column\">\n\t\t\t<div class=\"elementor-widget-wrap elementor-element-populated\">\n\t\t\t\t\t\t<div class=\"elementor-element elementor-element-fcc3dbc elementor-widget-divider--view-line_text elementor-widget-divider--element-align-center elementor-widget elementor-widget-divider\" data-id=\"fcc3dbc\" data-element_type=\"widget\" data-widget_type=\"divider.default\">\n\t\t\t\t<div class=\"elementor-widget-container\">\n\t\t\t\t\t\t\t<div class=\"elementor-divider\">\n\t\t\t<span class=\"elementor-divider-separator\">\n\t\t\t\t\t\t\t<span class=\"elementor-divider__text elementor-divider__element\">\n\t\t\t\tPROGRAMA DE INTEGRIDADE\t\t\t\t<\/span>\n\t\t\t\t\t\t<\/span>\n\t\t<\/div>\n\t\t\t\t\t\t<\/div>\n\t\t\t\t<\/div>\n\t\t\t\t<div class=\"elementor-element elementor-element-e596b74 elementor-invisible elementor-widget elementor-widget-heading\" data-id=\"e596b74\" data-element_type=\"widget\" data-settings=\"{&quot;_animation&quot;:&quot;zoomIn&quot;}\" data-widget_type=\"heading.default\">\n\t\t\t\t<div class=\"elementor-widget-container\">\n\t\t\t\t\t<h1 class=\"elementor-heading-title elementor-size-default\">\u00c9tica, tRANSPAR\u00caNCIA, RESPONSABILIDADE E CONFIAN\u00c7A<\/h1>\t\t\t\t<\/div>\n\t\t\t\t<\/div>\n\t\t\t\t\t<\/div>\n\t\t<\/div>\n\t\t\t\t\t<\/div>\n\t\t<\/section>\n\t\t\t\t<section class=\"elementor-section elementor-top-section elementor-element elementor-element-fe1bfdf elementor-section-content-middle elementor-section-boxed elementor-section-height-default elementor-section-height-default\" data-id=\"fe1bfdf\" data-element_type=\"section\">\n\t\t\t\t\t\t<div class=\"elementor-container elementor-column-gap-no\">\n\t\t\t\t\t<div class=\"elementor-column elementor-col-50 elementor-top-column elementor-element elementor-element-c33015b\" data-id=\"c33015b\" data-element_type=\"column\">\n\t\t\t<div class=\"elementor-widget-wrap elementor-element-populated\">\n\t\t\t\t\t\t<div class=\"elementor-element elementor-element-8043617 elementor-widget-divider--view-line_text elementor-widget-divider--element-align-center elementor-widget elementor-widget-divider\" data-id=\"8043617\" data-element_type=\"widget\" data-widget_type=\"divider.default\">\n\t\t\t\t<div class=\"elementor-widget-container\">\n\t\t\t\t\t\t\t<div class=\"elementor-divider\">\n\t\t\t<span class=\"elementor-divider-separator\">\n\t\t\t\t\t\t\t<span class=\"elementor-divider__text elementor-divider__element\">\n\t\t\t\tintegridade Carpenedo\t\t\t\t<\/span>\n\t\t\t\t\t\t<\/span>\n\t\t<\/div>\n\t\t\t\t\t\t<\/div>\n\t\t\t\t<\/div>\n\t\t\t\t<div class=\"elementor-element elementor-element-504b502 elementor-widget__width-initial elementor-widget elementor-widget-icon-box\" data-id=\"504b502\" data-element_type=\"widget\" data-widget_type=\"icon-box.default\">\n\t\t\t\t<div class=\"elementor-widget-container\">\n\t\t\t\t\t\t\t<div class=\"elementor-icon-box-wrapper\">\n\n\t\t\t\n\t\t\t\t\t\t<div class=\"elementor-icon-box-content\">\n\n\t\t\t\t\t\t\t\t\t<h2 class=\"elementor-icon-box-title\">\n\t\t\t\t\t\t<span  >\n\t\t\t\t\t\t\tQUEST\u00c3O DE INTEGRIDADE CORPORATIVA\t\t\t\t\t\t<\/span>\n\t\t\t\t\t<\/h2>\n\t\t\t\t\n\t\t\t\t\t\t\t\t\t<p class=\"elementor-icon-box-description\">\n\t\t\t\t\t\tA Carpenedo acredita que os valores e pr\u00e1ticas de seus princ\u00edpios devem ser incorporados nas rela\u00e7\u00f5es com fornecedores, clientes e sociedade. Esses valores refletem elevados padr\u00f5es \u00e9ticos, morais e de integridade, buscando assegurar credibilidade no mercado e promovendo um ambiente de trabalho pautado pelo respeito e transpar\u00eancia.\nA CARPENEDO assume o compromisso com os valores presentes em seu C\u00f3digo de \u00c9tica e Conduta, al\u00e9m das pol\u00edticas e diretrizes que visam construir um Programa de Compliance de excel\u00eancia, estabelecendo uma cultura de Compliance que vai al\u00e9m do mero cumprimento de normas e regulamentos.\nPara a CARPENEDO , o Compliance \u00e9 um alicerce fundamental para garantir uma empresa forte, segura e sustent\u00e1vel\t\t\t\t\t<\/p>\n\t\t\t\t\n\t\t\t<\/div>\n\t\t\t\n\t\t<\/div>\n\t\t\t\t\t\t<\/div>\n\t\t\t\t<\/div>\n\t\t\t\t\t<\/div>\n\t\t<\/div>\n\t\t\t\t<div class=\"elementor-column elementor-col-50 elementor-top-column elementor-element elementor-element-92ad328\" data-id=\"92ad328\" data-element_type=\"column\">\n\t\t\t<div class=\"elementor-widget-wrap elementor-element-populated\">\n\t\t\t\t\t\t<div class=\"elementor-element elementor-element-da2fb63 elementor-widget__width-initial elementor-widget-mobile__width-initial elementor-invisible elementor-widget elementor-widget-image\" data-id=\"da2fb63\" data-element_type=\"widget\" data-settings=\"{&quot;_animation&quot;:&quot;fadeInUp&quot;,&quot;_animation_delay&quot;:300}\" data-widget_type=\"image.default\">\n\t\t\t\t<div class=\"elementor-widget-container\">\n\t\t\t\t\t\t\t\t\t\t\t\t\t\t\t<img fetchpriority=\"high\" decoding=\"async\" width=\"768\" height=\"768\" src=\"https:\/\/www.carpenedo.com.br\/wp-content\/uploads\/2024\/10\/imagem_gerada-1-768x768.png\" class=\"elementor-animation-float attachment-medium_large size-medium_large wp-image-419\" alt=\"\" srcset=\"https:\/\/www.carpenedo.com.br\/wp-content\/uploads\/2024\/10\/imagem_gerada-1-768x768.png 768w, https:\/\/www.carpenedo.com.br\/wp-content\/uploads\/2024\/10\/imagem_gerada-1-300x300.png 300w, https:\/\/www.carpenedo.com.br\/wp-content\/uploads\/2024\/10\/imagem_gerada-1-150x150.png 150w, https:\/\/www.carpenedo.com.br\/wp-content\/uploads\/2024\/10\/imagem_gerada-1.png 1024w\" sizes=\"(max-width: 768px) 100vw, 768px\" \/>\t\t\t\t\t\t\t\t\t\t\t\t\t\t\t<\/div>\n\t\t\t\t<\/div>\n\t\t\t\t<div class=\"elementor-element elementor-element-2c37f8c elementor-widget__width-initial elementor-widget-mobile__width-initial elementor-invisible elementor-widget elementor-widget-image\" data-id=\"2c37f8c\" data-element_type=\"widget\" data-settings=\"{&quot;_animation&quot;:&quot;fadeInUp&quot;,&quot;_animation_delay&quot;:100}\" data-widget_type=\"image.default\">\n\t\t\t\t<div class=\"elementor-widget-container\">\n\t\t\t\t\t\t\t\t\t\t\t\t\t\t\t<img decoding=\"async\" width=\"768\" height=\"576\" src=\"https:\/\/www.carpenedo.com.br\/wp-content\/uploads\/2024\/10\/Imagem-do-WhatsApp-de-2024-10-10-as-08.27.13_4e55ebc8-768x576.jpg\" class=\"elementor-animation-float attachment-medium_large size-medium_large wp-image-170\" alt=\"\" srcset=\"https:\/\/www.carpenedo.com.br\/wp-content\/uploads\/2024\/10\/Imagem-do-WhatsApp-de-2024-10-10-as-08.27.13_4e55ebc8-768x576.jpg 768w, https:\/\/www.carpenedo.com.br\/wp-content\/uploads\/2024\/10\/Imagem-do-WhatsApp-de-2024-10-10-as-08.27.13_4e55ebc8-300x225.jpg 300w, https:\/\/www.carpenedo.com.br\/wp-content\/uploads\/2024\/10\/Imagem-do-WhatsApp-de-2024-10-10-as-08.27.13_4e55ebc8.jpg 1024w\" sizes=\"(max-width: 768px) 100vw, 768px\" \/>\t\t\t\t\t\t\t\t\t\t\t\t\t\t\t<\/div>\n\t\t\t\t<\/div>\n\t\t\t\t\t<\/div>\n\t\t<\/div>\n\t\t\t\t\t<\/div>\n\t\t<\/section>\n\t\t<div class=\"elementor-element elementor-element-55ed47a e-flex e-con-boxed e-con e-parent\" data-id=\"55ed47a\" data-element_type=\"container\">\n\t\t\t\t\t<div class=\"e-con-inner\">\n\t\t\t\t\t<\/div>\n\t\t\t\t<\/div>\n\t\t\t\t<\/div>\n\t\t","protected":false},"excerpt":{"rendered":"<p>PROGRAMA DE INTEGRIDADE \u00c9tica, tRANSPAR\u00caNCIA, RESPONSABILIDADE E CONFIAN\u00c7A integridade Carpenedo QUEST\u00c3O DE INTEGRIDADE CORPORATIVA A Carpenedo acredita que os valores e pr\u00e1ticas de seus princ\u00edpios devem ser incorporados nas rela\u00e7\u00f5es com fornecedores, clientes e sociedade. Esses valores refletem elevados padr\u00f5es \u00e9ticos, morais e de integridade, buscando assegurar credibilidade no mercado e promovendo um ambiente de [&hellip;]<\/p>\n","protected":false},"author":2,"featured_media":0,"parent":0,"menu_order":0,"comment_status":"closed","ping_status":"closed","template":"","meta":{"footnotes":""},"class_list":["post-273","page","type-page","status-publish","hentry"],"_links":{"self":[{"href":"https:\/\/www.carpenedo.com.br\/index.php?rest_route=\/wp\/v2\/pages\/273","targetHints":{"allow":["GET"]}}],"collection":[{"href":"https:\/\/www.carpenedo.com.br\/index.php?rest_route=\/wp\/v2\/pages"}],"about":[{"href":"https:\/\/www.carpenedo.com.br\/index.php?rest_route=\/wp\/v2\/types\/page"}],"author":[{"embeddable":true,"href":"https:\/\/www.carpenedo.com.br\/index.php?rest_route=\/wp\/v2\/users\/2"}],"replies":[{"embeddable":true,"href":"https:\/\/www.carpenedo.com.br\/index.php?rest_route=%2Fwp%2Fv2%2Fcomments&post=273"}],"version-history":[{"count":14,"href":"https:\/\/www.carpenedo.com.br\/index.php?rest_route=\/wp\/v2\/pages\/273\/revisions"}],"predecessor-version":[{"id":533,"href":"https:\/\/www.carpenedo.com.br\/index.php?rest_route=\/wp\/v2\/pages\/273\/revisions\/533"}],"wp:attachment":[{"href":"https:\/\/www.carpenedo.com.br\/index.php?rest_route=%2Fwp%2Fv2%2Fmedia&parent=273"}],"curies":[{"name":"wp","href":"https:\/\/api.w.org\/{rel}","templated":true}]}}